e b(15). Suppose -k*w + 10*w + 352 = 0. What are the prime factors of w?
2, 11
List the prime factors of 4298/6 - (-35)/(-15).
2, 3, 7, 17
Let k = -167 + 156. What are the prime factors of (1 - k)/(((-26)/(-36))/13)?
2, 3
Let b(z) = 2*z**2 - 123. List the prime factors of b(48).
3, 5, 13, 23
Let k(r) = -r**3 - 33*r**2 - 10*r + 5. What are the prime factors of k(-34)?
19, 79
Let b = -82 + 94. Suppose -b*k = 295 - 1423. What are the prime factors of k?
2, 47
Suppose -2*r = -5*v - 575, -351 = -r + 3*v - 64. What are the prime factors of r?
2, 5, 29
What are the prime factors of (-186 + -2)/((-1)/2) - 2?
2, 11, 17
Let m = 27 + -2. Suppose h = 6*h - m. Suppose -3*q + 124 = h*f, 4*f = -q + 3*f + 40. List the prime factors of q.
2, 19
Let t(z) = 61*z - 56. List the prime factors of t(23).
3, 449
Suppose 0 = w - 6*w + 15. Suppose 15 = -5*t, 2*x - 4*t = -w*x + 37. Suppose 0 = -x*u + 26 - 1. What are the prime factors of u?
5
Suppose 0 = -4*a - 4*s + 1412, -2*s = 4*a - 982 - 422. List the prime factors of a.
349
What are the prime factors of (-4 + (-92)/(-8))*2?
3, 5
Let p(u) = -u**3 - 5*u**2 - 3*u - 5. Let a be p(-4). Let j = a + 11. What are the prime factors of 5/j + 9/6?
2
Suppose -4*k + 1156 = -88. List the prime factors of k.
311
Let c(w) = -69*w**3 - w**2 + 2*w - 2. Let u(s) = -68*s**3 - s**2 + 2*s - 2. Let x(y) = -5*c(y) + 4*u(y). List the prime factors of x(1).
2, 37
Let x(f) = -3*f - 37. Let q be x(-14). Let b be (-3)/12 + 258/8. Let y = q + b. List the prime factors of y.
37
Suppose 2*t = -7*f + 9*f - 5766, f - 3*t = 2883. List the prime factors of f.
3, 31
Suppose 2*d = y + 125, 5*d = 2*d - 5*y + 207. Let g = d - 30. What are the prime factors of g?
2, 17
Let y(h) be the third derivative of h**6/40 - h**5/10 - h**4/8 - 7*h**3/3 - 14*h**2. Let z be y(6). Suppose 5*j + 0*j - z = 0. What are the prime factors of j?
2, 5
Suppose -204 = 15*n - 18*n. Suppose n = p - b, 3*p - 2*b = -p + 270. List the prime factors of p.
67
Suppose 8*v = 2*v + 12. Let s(d) = 0*d**2 - 14*d + 5*d**2 + 19 - d**3 + 7*d**2 + 3*d**v. What are the prime factors of s(14)?
19
Let s(k) = 3*k + 19. Let i be s(-5). Suppose 6*o + 5*w = 2*o + 97, -i*o = w - 77. What are the prime factors of o?
2, 3
Let x(z) = -3*z + 13. Let a be x(6). Let c = 48 + a. List the prime factors of c.
43
Let a = -26 + 31. Suppose 4*f - 2*u - 524 = 0, a*f - 825 + 169 = 3*u. Suppose 2*s - f = -3*s. List the prime factors of s.
2, 13
Suppose -11*p = -16*p + 70. Let l be 1 + 28/1 + 0. Let n = l - p. List the prime factors of n.
3, 5
Suppose -3*q + 2*o = -34, -q + 3*o + 12 = -11. List the prime factors of q.
2
Let f be (-118 - (2 + -3))*(1 - -2). Let n = -171 - f. What are the prime factors of n?
2, 3, 5
Suppose 0*g - 2*g = -16. Suppose 0 = k + 5*c - g - 221, -4*c = -12. List the prime factors of k.
2, 107
Let m be 24/(-14)*(-14)/4. Let i be (42/9)/(4/m). Suppose 0 = 3*t - i*t + 52. List the prime factors of t.
13
Let d = 95 - 151. Let x be 8/d + 22/7. Suppose -x*q + 2*s + 73 = 11, 55 = 3*q + 5*s. List the prime factors of q.
2, 5
Suppose 3*s + 4*t = -14, 0*s = 2*s + 3*t + 10. Let j = 15 + s. List the prime factors of j.
13
Let h = -789 + 1967. List the prime factors of h.
2, 19, 31
Let a = 129 + -78. Suppose a = -f + 15. List the prime factors of (f/20)/((-2)/10).
3
Let a = 167 - 57. Suppose 15*g + a = 16*g. What are the prime factors of g?
2, 5, 11
Let m be (4 - (0 - -8))*-29. Let t be (5 + -8)/(6/m). List the prime factors of ((-4)/(-8))/((-1)/t).
29
Suppose -q + 3*f + 8 + 3 = 0, 2*q - f = 22. Suppose -5*w + w = -5*i + 8, q = 2*i + w. Suppose -121 = -i*a - 37. List the prime factors of a.
3, 7
Let s(k) = 6*k**2 - k. Let d be s(-1). Suppose d = 2*z + 31. What are the prime factors of z/(-15)*(25 + 0)?
2, 5
Let t = 3 - 9. Let l be 4/t - 2900/(-30). Suppose 0 = 4*n + 5*k - k - 72, -5*n + l = -k. List the prime factors of n.
19
Suppose 0 = o - 5*o - 808. Let r = o + 110. Let x = r - -134. List the prime factors of x.
2, 3, 7
Suppose 5 = 3*p + 2*p - 3*r, -5*p = 2*r - 30. Suppose 2*u + 18 = p*o, 2*u = u - 3. What are the prime factors of 0 - -3*o - -1?
2, 5
Suppose -74*s + 167695 + 12643 = 0. List the prime factors of s.
2437
Let l = -3 + 25. Let f = l - 29. Let d = -4 - f. List the prime factors of d.
3
Suppose 5*j - 2162 = -3*z, z + 5*j - 3*j = 720. List the prime factors of z.
2, 181
Let b = 84 - 40. Suppose 3*j - 7*j - b = 0. Let t = 28 + j. What are the prime factors of t?
17
Let g = 22 + -10. Let b be g*(-2 - (-9)/4). Let y = 11 + b. What are the prime factors of y?
2, 7
Suppose -7*w = 6*w - 845. Suppose k - w = 51. What are the prime factors of k?
2, 29
Let j(r) = -4*r**3 - 9*r**2 + 35. What are the prime factors of j(-7)?
2, 3, 7, 23
Suppose g + 1 - 6 = 0. Suppose -j - 306 = -4*s + 2*j, -g*s + 3*j = -381. List the prime factors of s.
3, 5
Suppose 4*c - 56 = -p, -3*p + 0*c + 123 = 3*c. What are the prime factors of p?
2, 3
Suppose -18521 + 49772 = 11*f. List the prime factors of f.
3, 947
Let l = 38 + -19. Suppose -14*o + l*o - 195 = 0. What are the prime factors of o?
3, 13
Let r(f) = -138*f - 3. Let h be r(-1). Let s = 61 - 150. Let o = s + h. What are the prime factors of o?
2, 23
Suppose -4*z + 670 = -2*g, 4*z = -5*g - 0*g + 649. List the prime factors of z.
2, 83
What are the prime factors of 4631 - -79 - 1*(-1 + 2)?
17, 277
Suppose -c = -26 - 150. Let z = c + -74. List the prime factors of z.
2, 3, 17
Suppose 9*s + 3 - 345 = 0. What are the prime factors of s?
2, 19
Let t(q) = -q**2 + 55*q - 335. List the prime factors of t(47).
41
Let o(y) = 3*y**2 - 46*y + 46. What are the prime factors of o(21)?
13, 31
Let w be 15/10 - (-450)/4. Suppose 0*i - 4*i - n + w = 0, 5*i - 136 = 2*n. List the prime factors of i.
2, 7
Let l be 4/12*3 + 3. Suppose 0*i + 8 = 5*i + 3*w, 0 = -l*w - 16. Suppose 0 = -i*r + r + 135. List the prime factors of r.
3, 5
Let m(f) = f + 2. Let k be -3 - (-1)/(4/12). Let d be m(k). Suppose -8*u = -d*u - 228. List the prime factors of u.
2, 19
Let h(m) = -m**3 - 5*m**2 - 22*m - 2. Let z be h(-6). Let c be 2*23*1*2. Suppose -k + 4*k = 5*a - z, 0 = -3*a - 2*k + c. What are the prime factors of a?
2
Suppose 0*q = 3*q + 4*p - 18, -4*q - 2*p + 14 = 0. Let u be (1 + q)/6*-4. List the prime factors of u/3 - 370/(-15).
2, 3
Suppose 2*n - 6*n - 3*x = 4, -n + 4*x = -18. Let m be 4 + -2 + (-2 - n). What are the prime factors of 32 + (m - 0 - 2)?
2, 7
Suppose -4*f - 1350 = -w, -5*w = -78*f + 74*f - 6686. List the prime factors of w.
2, 23, 29
Let a = 546 + -352. Let g be (-30)/(-24)*a*2. List the prime factors of g/15 + 6/9.
3, 11
Suppose -3*o + c - 24 = 0, 5*o - 4*c - 1 + 48 = 0. Let a(t) = -t - 2. Let b be a(o). Let p = b + 27. What are the prime factors of p?
2
Suppose 3*j + 0*q + q = -10, 5*j = -2*q - 18. Let l be (-10)/(-15)*(-3)/j. Let w = 23 + l. List the prime factors of w.
2, 3
Let h(k) = -k**2 + 7*k - 2. Suppose 4*u - 10 = 6*u. Let x = 11 + u. List the prime factors of h(x).
2
Suppose 4*j - 13 = -1. Suppose 0 = -v + j*s + 50, -s - 200 = -v - 3*v. List the prime factors of v.
2, 5
Let a(s) be the third derivative of 5*s**2 + 0 - 2/3*s**3 - 1/4*s**4 - 1/120*s**6 - 1/20*s**5 + 0*s. What are the prime factors of a(-4)?
2, 3
Let s(m) = 19*m - 82. What are the prime factors of s(9)?
89
Let c(i) be the second derivative of -2*i**3 + 8*i. Let x be c(2). Let k = x - -29. List the prime factors of k.
5
Let p(y) = y - 9. Let h be p(11). Suppose g = -k + 23, h*g = 4*k + g - 117. List the prime factors of k.
2, 7
Let z(s) = s**3 + 11*s**2 - s - 5. Let d be z(-11). Let x be (d/(-4))/(16/(-608)). Let b = 5 + x. What are the prime factors of b?
2, 31
Let p(b) = -b**3 + 15*b**2 + 7*b - 14. What are the prime factors of p(13)?
5, 83
Let m(v) = -v - 1. Let y(g) = 54*g**3 - 2*g**2 - 2*g - 3. Suppose 1 = 5*k - 4*h + 4, -3*h + 5 = -k. Let d(r) = k*y(r) - 3*m(r). List the prime factors of d(1).
53
Let d(z) = 5*z - 10*z**3 + 6 - z**2 + 11*z**3 + 9*z**2. List the prime factors of d(-5).
2, 7
Let i(c) = 37*c + 6. Let y be i(-6). What are the prime factors of (5/2)/((-9)/y)?
2, 3, 5
List the prime factors of (((-44988)/3)/(-4))/(-1 + 2).
23, 163
Suppose 12 = -0*n + 6*n. Suppose -v - 3*x + 110 = 2*x, v = n*x + 82. List the prime factors of v.
2, 3, 5
Let j(z) = 4*z**2 - 82*z - 18. What are the prime factors o